actors of 22154308?
2, 11, 163, 3089
List the prime factors of 128814.
2, 3, 7, 3067
List the prime factors of 3432191.
7, 490313
What are the prime factors of 378979?
97, 3907
What are the prime factors of 1201284?
2, 3, 7, 227
List the prime factors of 6067062.
2, 3, 17, 2203
List the prime factors of 1084176.
2, 3, 7529
List the prime factors of 3703635.
3, 5, 13, 487
What are the prime factors of 3644239?
17, 47, 4561
What are the prime factors of 12050345?
5, 37, 53, 1229
List the prime factors of 240892.
2, 60223
What are the prime factors of 157384?
2, 103, 191
List the prime factors of 1659670.
2, 5, 29, 59, 97
What are the prime factors of 6522530?
2, 5, 7, 93179
List the prime factors of 192076.
2, 31, 1549
List the prime factors of 133601.
13, 43, 239
List the prime factors of 273209.
29, 9421
What are the prime factors of 6302480?
2, 5, 78781
What are the prime factors of 7732384?
2, 11, 1997
What are the prime factors of 1945289?
59, 32971
What are the prime factors of 1831427?
13, 17, 8287
List the prime factors of 8261730.
2, 3, 5, 37, 827
What are the prime factors of 3253591?
11, 227, 1303
What are the prime factors of 1490293?
7, 211, 1009
List the prime factors of 6560454.
2, 3, 1093409
List the prime factors of 2788059.
3, 547, 1699
List the prime factors of 175392.
2, 3, 7, 29
What are the prime factors of 834377?
17, 49081
List the prime factors of 7867888.
2, 7, 70249
What are the prime factors of 580975?
5, 17, 1367
List the prime factors of 14116482.
2, 3, 784249
List the prime factors of 38655732.
2, 3, 23, 140057
What are the prime factors of 1363483?
11, 123953
List the prime factors of 3137871.
3, 11, 95087
What are the prime factors of 1734579?
3, 7, 11, 2503
List the prime factors of 1408599.
3, 156511
What are the prime factors of 2869745?
5, 61, 97
What are the prime factors of 50418?
2, 3, 2801
List the prime factors of 131679.
3, 4877
What are the prime factors of 810968?
2, 17, 67, 89
What are the prime factors of 1320153?
3, 431, 1021
List the prime factors of 3276999.
3, 11, 79, 419
What are the prime factors of 222088?
2, 17, 23, 71
List the prime factors of 1160473.
1160473
What are the prime factors of 2352830?
2, 5, 37, 6359
List the prime factors of 292332.
2, 3, 17, 1433
What are the prime factors of 321793?
17, 23, 823
List the prime factors of 500163.
3, 29, 5749
What are the prime factors of 3230932?
2, 807733
List the prime factors of 44671.
11, 31, 131
What are the prime factors of 151945?
5, 30389
What are the prime factors of 733908?
2, 3, 7, 8737
What are the prime factors of 11408181?
3, 59, 64453
List the prime factors of 162783.
3, 6029
What are the prime factors of 4786125?
3, 5, 12763
What are the prime factors of 123760?
2, 5, 7, 13, 17
What are the prime factors of 9335876?
2, 11, 19289
What are the prime factors of 29869?
7, 17, 251
List the prime factors of 8390467.
8390467
List the prime factors of 206012.
2, 51503
List the prime factors of 720410.
2, 5, 61, 1181
What are the prime factors of 2545313?
2545313
List the prime factors of 898781.
13, 47, 1471
List the prime factors of 67856.
2, 4241
List the prime factors of 15947197.
7, 325453
List the prime factors of 134584.
2, 16823
List the prime factors of 3192594.
2, 3, 532099
What are the prime factors of 1162480?
2, 5, 11, 1321
List the prime factors of 346237.
19, 18223
What are the prime factors of 14570053?
191, 76283
What are the prime factors of 3763084?
2, 13, 72367
List the prime factors of 206191.
206191
What are the prime factors of 87732?
2, 3, 2437
List the prime factors of 1038269.
1038269
What are the prime factors of 136071?
3, 13, 1163
List the prime factors of 636911.
11, 57901
List the prime factors of 28550240.
2, 5, 178439
List the prime factors of 212485.
5, 7, 13, 467
What are the prime factors of 5583124?
2, 1395781
List the prime factors of 503050.
2, 5, 10061
List the prime factors of 1122071.
1122071
What are the prime factors of 1588202?
2, 7, 11, 10313
What are the prime factors of 6142030?
2, 5, 31, 19813
List the prime factors of 25941134.
2, 73, 177679
What are the prime factors of 492805?
5, 98561
What are the prime factors of 1558323?
3, 13, 19, 701
What are the prime factors of 59355?
3, 5, 1319
List the prime factors of 8444.
2, 2111
What are the prime factors of 7674539?
2459, 3121
List the prime factors of 2189440.
2, 5, 11, 311
What are the prime factors of 114063?
3, 193, 197
List the prime factors of 3422771.
11, 61, 5101
What are the prime factors of 9010213?
29, 310697
List the prime factors of 182042.
2, 7, 13003
What are the prime factors of 2668404?
2, 3, 222367
What are the prime factors of 2019730?
2, 5, 201973
List the prime factors of 3230931.
3, 11, 19, 5153
What are the prime factors of 124217?
31, 4007
What are the prime factors of 3472890?
2, 3, 5, 115763
List the prime factors of 2486694.
2, 3, 7, 59207
What are the prime factors of 143242?
2, 11, 17, 383
What are the prime factors of 22034961?
3, 13, 188333
What are the prime factors of 231992?
2, 47, 617
List the prime factors of 183365.
5, 7, 13, 31
What are the prime factors of 3292160?
2, 5, 643
List the prime factors of 58799.
13, 4523
List the prime factors of 39077326.
2, 29, 673747
List the prime factors of 414302.
2, 7, 101, 293
List the prime factors of 110098.
2, 55049
List the prime factors of 81480.
2, 3, 5, 7, 97
What are the prime factors of 11676?
2, 3, 7, 139
What are the prime factors of 4118350?
2, 5, 31, 2657
What are the prime factors of 370322?
2, 185161
What are the prime factors of 184898?
2, 7, 47, 281
List the prime factors of 5342149.
757, 7057
List the prime factors of 2739528.
2, 3, 11, 1153
What are the prime factors of 277117?
17, 16301
List the prime factors of 16963784.
2, 2120473
List the prime factors of 142790.
2, 5, 109, 131
List the prime factors of 309251.
309251
List the prime factors of 6191365.
5, 1238273
What are the prime factors of 39857576?
2, 11, 41, 11047
List the prime factors of 1582359.
3, 527453
What are the prime factors of 5547741?
3, 127, 14561
What are the prime factors of 15999?
3, 5333
What are the prime factors of 565856?
2, 17683
What are the prime factors of 2429124?
2, 3, 37, 5471
What are the prime factors of 173205?
3, 5, 1283
What are the prime factors of 1411005?
3, 5, 109, 863
List the prime factors of 27081.
3, 17, 59
List the prime factors of 32442023.
127, 467, 547
List the prime factors of 1963401.
3, 11, 59497
List the prime factors of 240031.
11, 21821
List the prime factors of 2782321.
107, 26003
List the prime factors of 267594.
2, 3, 103, 433
What are the prime factors of 166341?
3, 7, 89
What are the prime factors of 439011?
3, 48779
What are the prime factors of 9274491?
3, 661, 1559
List the prime factors of 25494888.
2, 3, 167, 6361
What are the prime factors of 483364?
2, 7, 61, 283
List the prime factors of 633368.
2, 41, 1931
What are the prime factors of 1363812?
2, 3, 29, 3919
List the prime factors of 2277739.
19, 119881
List the prime factors of 83340.
2, 3, 5, 463
What are the prime factors of 484886?
2, 23, 83, 127
What are the prime factors of 276857?
7, 39551
What are the prime factors of 156191?
7, 53, 421
What are the prime factors of 28455701?
37, 769073
What are the prime factors of 648410?
2, 5, 7, 59, 157
List the prime factors of 1044903.
3, 379, 919
What are the prime factors of 105050?
2, 5, 11, 191
What are the prime factors of 181473?
3, 241, 251
List the prime factors of 5922902.
2, 17, 29, 6007
List the prime factors of 53007.
3, 17669
List the prime factors of 256938.
2, 3, 11, 17, 229
What are the prime factors of 968764?
2, 47, 5153
What are the prime factors of 285365?
5, 57073
What are the prime factors of 52441?
229
What are the prime factors of 381066?
2, 3, 7, 43, 211
What are the prime factors of 63348?
2, 3, 5279
List the prime factors of 9614027.
17, 61, 73, 127
List the prime factors of 1060772.
2, 265193
What are the prime factors of 14143713?
3, 1571, 3001
List the prime factors of 322243.
322243
What are the prime factors of 129811?
11, 11801
What are the prime factors of 2258196?
2, 3, 227, 829
List the prime factors of 2653004.
2, 23, 28837
What are the prime factors of 351334?
2, 97, 1811
List the pr